{"id":261,"date":"2020-02-25T10:56:40","date_gmt":"2020-02-25T10:56:40","guid":{"rendered":"https:\/\/bridge336.qodeinteractive.com\/?page_id=213"},"modified":"2021-03-05T17:45:29","modified_gmt":"2021-03-05T16:45:29","slug":"sentiers-qui-bifurquent","status":"publish","type":"page","link":"https:\/\/drissalaouimdaghri.ma\/index.php\/sentiers-qui-bifurquent\/","title":{"rendered":"Sentiers qui Bifurquent"},"content":{"rendered":"\t\t<div data-elementor-type=\"wp-page\" data-elementor-id=\"261\" class=\"elementor elementor-261\" data-elementor-settings=\"[]\">\n\t\t\t\t\t\t<div class=\"elementor-inner\">\n\t\t\t\t\t\t\t<div class=\"elementor-section-wrap\">\n\t\t\t\t\t\t\t<section class=\"elementor-section elementor-top-section elementor-element elementor-element-486ec9c7 qode_elementor_container_inner elementor-section-boxed elementor-section-height-default elementor-section-height-default parallax_section_no\" data-id=\"486ec9c7\" data-element_type=\"section\">\n\t\t\t\t\t\t<div class=\"elementor-container elementor-column-gap-no\">\n\t\t\t\t\t\t\t<div class=\"elementor-row\">\n\t\t\t\t\t<div class=\"elementor-column elementor-col-66 elementor-top-column elementor-element elementor-element-6db68f66\" data-id=\"6db68f66\" data-element_type=\"column\">\n\t\t\t<div class=\"elementor-column-wrap elementor-element-populated\">\n\t\t\t\t\t\t\t<div class=\"elementor-widget-wrap\">\n\t\t\t\t\t\t<div class=\"elementor-element elementor-element-39f719ef elementor-widget elementor-widget-bridge_latest_posts\" data-id=\"39f719ef\" data-element_type=\"widget\" data-widget_type=\"bridge_latest_posts.default\">\n\t\t\t\t<div class=\"elementor-widget-container\">\n\t\t\t\n<div class='latest_post_holder boxes two_columns four_rows' >\n    <ul>\n    \n        <li class=\"clearfix\">\n            <div class=\"boxes_image\">\n                                <a itemprop=\"url\" href=\"https:\/\/drissalaouimdaghri.ma\/index.php\/2021\/04\/11\/ya-zahratan-fi-khayali-fleur-a-laquelle-je-pense\/\"><\/a>\n            <\/div>\n            <div class=\"latest_post\"  >\n                <div class=\"latest_post_text\">\n                    <div class=\"latest_post_inner\">\n                        <div class=\"latest_post_text_inner\">\n                            <h4 itemprop=\"name\" class=\"latest_post_title entry_title\"><a itemprop=\"url\" href=\"https:\/\/drissalaouimdaghri.ma\/index.php\/2021\/04\/11\/ya-zahratan-fi-khayali-fleur-a-laquelle-je-pense\/\">\u00ab\u00a0Ya Zahratan Fi Khayali\u00a0\u00bb (Fleur \u00e0 laquelle je pense)<\/a><\/h4>\n                            <p class=\"excerpt\">La variation dans l\u2019invariance, l\u2019art personnel du remploi,\u00a0l\u2019investissement du pr\u00e9sent par le souvenir,\u00a0et la projectio...<\/p>\n                            <span class=\"post_infos\">\n                                                                    <span class=\"date_hour_holder\">\n                                        <span itemprop=\"dateCreated\" class=\"date entry_date updated\">11 avril, 2021 <meta itemprop=\"interactionCount\" content=\"UserComments: 0\"\/><\/span>\n                                    <\/span>\n                                                                                                                                                                            <span class=\"dots\"><i class=\"fa fa-square\"><\/i><\/span>\n                                                                        <a itemprop=\"url\" class=\"post_comments\" href=\"https:\/\/drissalaouimdaghri.ma\/index.php\/2021\/04\/11\/ya-zahratan-fi-khayali-fleur-a-laquelle-je-pense\/#respond\">No comment<\/a>\n                                \n                                \n                                                            <\/span>\n                        <\/div>\n                    <\/div>\n                <\/div>\n            <\/div>\n        <\/li>\n    \n        <li class=\"clearfix\">\n            <div class=\"boxes_image\">\n                                <a itemprop=\"url\" href=\"https:\/\/drissalaouimdaghri.ma\/index.php\/2021\/02\/20\/et-que-seules-sont-belles-les-ames-fieres\/\"><\/a>\n            <\/div>\n            <div class=\"latest_post\"  >\n                <div class=\"latest_post_text\">\n                    <div class=\"latest_post_inner\">\n                        <div class=\"latest_post_text_inner\">\n                            <h4 itemprop=\"name\" class=\"latest_post_title entry_title\"><a itemprop=\"url\" href=\"https:\/\/drissalaouimdaghri.ma\/index.php\/2021\/02\/20\/et-que-seules-sont-belles-les-ames-fieres\/\">Et que seules sont belles les \u00e2mes fi\u00e8res<\/a><\/h4>\n                            <p class=\"excerpt\"><b>M\u00e9moires : Sentiers qui bifurquent<\/b><\/br>Les hommes habitent. Leur maison, leur ville ou leur village, leur pays...<\/p>\n                            <span class=\"post_infos\">\n                                                                    <span class=\"date_hour_holder\">\n                                        <span itemprop=\"dateCreated\" class=\"date entry_date updated\">20 f\u00e9vrier, 2021 <meta itemprop=\"interactionCount\" content=\"UserComments: 0\"\/><\/span>\n                                    <\/span>\n                                                                                                                                                                            <span class=\"dots\"><i class=\"fa fa-square\"><\/i><\/span>\n                                                                        <a itemprop=\"url\" class=\"post_comments\" href=\"https:\/\/drissalaouimdaghri.ma\/index.php\/2021\/02\/20\/et-que-seules-sont-belles-les-ames-fieres\/#respond\">No comment<\/a>\n                                \n                                \n                                                            <\/span>\n                        <\/div>\n                    <\/div>\n                <\/div>\n            <\/div>\n        <\/li>\n        <\/ul>\n<\/div>\t\t<\/div>\n\t\t\t\t<\/div>\n\t\t\t\t\t\t<\/div>\n\t\t\t\t\t<\/div>\n\t\t<\/div>\n\t\t\t\t<div class=\"elementor-column elementor-col-33 elementor-top-column elementor-element elementor-element-4e095aa8\" data-id=\"4e095aa8\" data-element_type=\"column\">\n\t\t\t<div class=\"elementor-column-wrap elementor-element-populated\">\n\t\t\t\t\t\t\t<div class=\"elementor-widget-wrap\">\n\t\t\t\t\t\t<div class=\"elementor-element elementor-element-d0baa25 elementor-widget-divider--view-line elementor-widget elementor-widget-divider\" data-id=\"d0baa25\" data-element_type=\"widget\" data-widget_type=\"divider.default\">\n\t\t\t\t<div class=\"elementor-widget-container\">\n\t\t\t\t\t<div class=\"elementor-divider\">\n\t\t\t<span class=\"elementor-divider-separator\">\n\t\t\t\t\t\t<\/span>\n\t\t<\/div>\n\t\t\t\t<\/div>\n\t\t\t\t<\/div>\n\t\t\t\t<div class=\"elementor-element elementor-element-7a8d5940 elementor-widget elementor-widget-sidebar\" data-id=\"7a8d5940\" data-element_type=\"widget\" data-widget_type=\"sidebar.default\">\n\t\t\t\t<div class=\"elementor-widget-container\">\n\t\t\t<div id=\"search-2\" class=\"widget widget_search posts_holder\"><form role=\"search\" method=\"get\" id=\"searchform\" action=\"https:\/\/drissalaouimdaghri.ma\/\">\n    <div><label class=\"screen-reader-text\" for=\"s\">Search for:<\/label>\n        <input type=\"text\" value=\"\" placeholder=\"Search Here\" name=\"s\" id=\"s\" \/>\n        <input type=\"submit\" id=\"searchsubmit\" value=\"&#xf002\" \/>\n    <\/div>\n<\/form><\/div><div class=\"widget qode_separator_widget\" style=\"margin-bottom: 52px;\"><\/div><div id=\"custom_html-2\" class=\"widget_text widget widget_custom_html posts_holder\"><div class=\"textwidget custom-html-widget\"><div class=\"qode-boxed-sidebar\">\r\n\r\n<img loading=\"lazy\" class=\"alignnone size-full wp-image-61\" src=\"\/wp-content\/uploads\/2021\/01\/DAM-circle.png\" alt=\"\" width=\"160\" height=\"160\" \/>\r\n<h5 style=\"margin: 24px 0 13px;\">Driss Alaoui Mdaghri<\/h5>\r\n<p style=\"margin: 0px 0 21px;\">Po\u00e8te, peintre \u00e0 mes heures, enseignant universitaire retrait\u00e9, ancien ministre, je consacre l'essentiel de mon temps au dialogue cr\u00e9atif des cultures, \u00e0 la cr\u00e9ation artistique, \u00e0 l'encadrement de jeunes artistes et \u00e0 lire, \u00e9crire et... jouer\r\naux \u00e9checs.<\/p><p><span class=\"q_social_icon_holder normal_social\" data-color=\"#080808\" data-hover-color=\"#656565\"><a itemprop=\"url\" href=\"https:\/\/www.facebook.com\/QodeInteractive\/\" target=\"_blank\" rel=\"noopener noreferrer\"><span aria-hidden=\"true\" class=\"qode_icon_element qode_icon_font_elegant social_facebook  simple_social\" style=\"color: #080808;margin: 0 9px 0 0;font-size: 12px;\"><\/span><\/a><\/span><span class=\"q_social_icon_holder normal_social\" data-color=\"#080808\" data-hover-color=\"#656565\"><a itemprop=\"url\" href=\"https:\/\/www.instagram.com\/qodeinteractive\/\" target=\"_blank\" rel=\"noopener noreferrer\"><span aria-hidden=\"true\" class=\"qode_icon_element qode_icon_font_elegant social_instagram  simple_social\" style=\"color: #080808;margin: 0 0px 0 0;font-size: 12px;\"><\/span><\/a><\/span><\/p>\r\n<\/div><\/div><\/div><div id=\"categories-3\" class=\"widget widget_categories posts_holder\"><h5>Rubriques<\/h5>\n\t\t\t<ul>\n\t\t\t\t\t<li class=\"cat-item cat-item-3\"><a href=\"https:\/\/drissalaouimdaghri.ma\/index.php\/category\/au-jour-le-jour\/\">Au jour le jour<\/a>\n<\/li>\n\t<li class=\"cat-item cat-item-2\"><a href=\"https:\/\/drissalaouimdaghri.ma\/index.php\/category\/sentiers-qui-bifurquent\/\">Sentiers qui bifurquent<\/a>\n<\/li>\n\t<li class=\"cat-item cat-item-47\"><a href=\"https:\/\/drissalaouimdaghri.ma\/index.php\/category\/variations\/\">Variations<\/a>\n<\/li>\n\t\t\t<\/ul>\n\n\t\t\t<\/div><div class=\"widget qode_separator_widget\" style=\"margin-bottom: 50px;\"><\/div><div class=\"widget qode_separator_widget\" style=\"margin-bottom: -9px;\"><\/div><div class=\"widget qode_latest_posts_widget\"><h5>Derniers articles<\/h5>\n<div class='latest_post_holder image_in_box  ' >\n    <ul>\n    \n        <li class=\"clearfix\">\n            <div class=\"latest_post\"  >\n                <div class=\"latest_post_image clearfix\">\n                    <a itemprop=\"url\" href=\"https:\/\/drissalaouimdaghri.ma\/index.php\/2018\/01\/15\/je-me-souviens\/\">\n                                                <img itemprop=\"image\" src=\"https:\/\/drissalaouimdaghri.ma\/wp-content\/uploads\/2021\/02\/2.-Fenetre-du-Menzeh-150x150.jpg\" alt=\"\" \/>\n                    <\/a>\n                <\/div>\n\n\n                <div class=\"latest_post_text\">\n                    <div class=\"latest_post_inner\">\n                        <div class=\"latest_post_text_inner\">\n                            <h5 itemprop=\"name\" class=\"latest_post_title entry_title\"><a itemprop=\"url\" href=\"https:\/\/drissalaouimdaghri.ma\/index.php\/2018\/01\/15\/je-me-souviens\/\">Je me souviens<\/a><\/h5>\n                            \n                            <span class=\"post_infos\">\n                                                                    <span class=\"date_hour_holder\">\n                                        <span itemprop=\"dateCreated\" class=\"date entry_date updated\">15 janvier, 2018 <meta itemprop=\"interactionCount\" content=\"UserComments: 0\"\/><\/span>\n                                    <\/span>\n                                \n                                \n                                \n                                \n                                                            <\/span>\n                        <\/div>\n                    <\/div>\n                <\/div>\n            <\/div>\n        <\/li>\n        \n        <li class=\"clearfix\">\n            <div class=\"latest_post\"  >\n                <div class=\"latest_post_image clearfix\">\n                    <a itemprop=\"url\" href=\"https:\/\/drissalaouimdaghri.ma\/index.php\/2020\/02\/20\/vivre\/\">\n                                                <img itemprop=\"image\" src=\"\" alt=\"\" \/>\n                    <\/a>\n                <\/div>\n\n\n                <div class=\"latest_post_text\">\n                    <div class=\"latest_post_inner\">\n                        <div class=\"latest_post_text_inner\">\n                            <h5 itemprop=\"name\" class=\"latest_post_title entry_title\"><a itemprop=\"url\" href=\"https:\/\/drissalaouimdaghri.ma\/index.php\/2020\/02\/20\/vivre\/\">Vivre<\/a><\/h5>\n                            \n                            <span class=\"post_infos\">\n                                                                    <span class=\"date_hour_holder\">\n                                        <span itemprop=\"dateCreated\" class=\"date entry_date updated\">20 f\u00e9vrier, 2020 <meta itemprop=\"interactionCount\" content=\"UserComments: 0\"\/><\/span>\n                                    <\/span>\n                                \n                                \n                                \n                                \n                                                            <\/span>\n                        <\/div>\n                    <\/div>\n                <\/div>\n            <\/div>\n        <\/li>\n        \n        <li class=\"clearfix\">\n            <div class=\"latest_post\"  >\n                <div class=\"latest_post_image clearfix\">\n                    <a itemprop=\"url\" href=\"https:\/\/drissalaouimdaghri.ma\/index.php\/2020\/02\/20\/prochaines-activites-culturelles-et-artistiques\/\">\n                                                <img itemprop=\"image\" src=\"\" alt=\"\" \/>\n                    <\/a>\n                <\/div>\n\n\n                <div class=\"latest_post_text\">\n                    <div class=\"latest_post_inner\">\n                        <div class=\"latest_post_text_inner\">\n                            <h5 itemprop=\"name\" class=\"latest_post_title entry_title\"><a itemprop=\"url\" href=\"https:\/\/drissalaouimdaghri.ma\/index.php\/2020\/02\/20\/prochaines-activites-culturelles-et-artistiques\/\">Space Opera<\/a><\/h5>\n                            \n                            <span class=\"post_infos\">\n                                                                    <span class=\"date_hour_holder\">\n                                        <span itemprop=\"dateCreated\" class=\"date entry_date updated\">20 f\u00e9vrier, 2020 <meta itemprop=\"interactionCount\" content=\"UserComments: 0\"\/><\/span>\n                                    <\/span>\n                                \n                                \n                                \n                                \n                                                            <\/span>\n                        <\/div>\n                    <\/div>\n                <\/div>\n            <\/div>\n        <\/li>\n        \n        <li class=\"clearfix\">\n            <div class=\"latest_post\"  >\n                <div class=\"latest_post_image clearfix\">\n                    <a itemprop=\"url\" href=\"https:\/\/drissalaouimdaghri.ma\/index.php\/2020\/08\/16\/dimanche-16-aout-2020\/\">\n                                                <img itemprop=\"image\" src=\"\" alt=\"\" \/>\n                    <\/a>\n                <\/div>\n\n\n                <div class=\"latest_post_text\">\n                    <div class=\"latest_post_inner\">\n                        <div class=\"latest_post_text_inner\">\n                            <h5 itemprop=\"name\" class=\"latest_post_title entry_title\"><a itemprop=\"url\" href=\"https:\/\/drissalaouimdaghri.ma\/index.php\/2020\/08\/16\/dimanche-16-aout-2020\/\">Dimanche 16 Ao\u00fbt 2020<\/a><\/h5>\n                            \n                            <span class=\"post_infos\">\n                                                                    <span class=\"date_hour_holder\">\n                                        <span itemprop=\"dateCreated\" class=\"date entry_date updated\">16 ao\u00fbt, 2020 <meta itemprop=\"interactionCount\" content=\"UserComments: 0\"\/><\/span>\n                                    <\/span>\n                                \n                                \n                                \n                                \n                                                            <\/span>\n                        <\/div>\n                    <\/div>\n                <\/div>\n            <\/div>\n        <\/li>\n        \n        <li class=\"clearfix\">\n            <div class=\"latest_post\"  >\n                <div class=\"latest_post_image clearfix\">\n                    <a itemprop=\"url\" href=\"https:\/\/drissalaouimdaghri.ma\/index.php\/2020\/08\/24\/lundi-24-aout-2020\/\">\n                                                <img itemprop=\"image\" src=\"\" alt=\"\" \/>\n                    <\/a>\n                <\/div>\n\n\n                <div class=\"latest_post_text\">\n                    <div class=\"latest_post_inner\">\n                        <div class=\"latest_post_text_inner\">\n                            <h5 itemprop=\"name\" class=\"latest_post_title entry_title\"><a itemprop=\"url\" href=\"https:\/\/drissalaouimdaghri.ma\/index.php\/2020\/08\/24\/lundi-24-aout-2020\/\">Lundi 24 Ao\u00fbt 2020<\/a><\/h5>\n                            \n                            <span class=\"post_infos\">\n                                                                    <span class=\"date_hour_holder\">\n                                        <span itemprop=\"dateCreated\" class=\"date entry_date updated\">24 ao\u00fbt, 2020 <meta itemprop=\"interactionCount\" content=\"UserComments: 0\"\/><\/span>\n                                    <\/span>\n                                \n                                \n                                \n                                \n                                                            <\/span>\n                        <\/div>\n                    <\/div>\n                <\/div>\n            <\/div>\n        <\/li>\n        \n    <\/ul>\n<\/div><\/div><div class=\"widget qode_separator_widget\" style=\"margin-bottom: 43px;\"><\/div>\t\t<\/div>\n\t\t\t\t<\/div>\n\t\t\t\t\t\t<\/div>\n\t\t\t\t\t<\/div>\n\t\t<\/div>\n\t\t\t\t\t\t\t\t<\/div>\n\t\t\t\t\t<\/div>\n\t\t<\/section>\n\t\t\t\t\t\t<\/div>\n\t\t\t\t\t\t<\/div>\n\t\t\t\t\t<\/div>\n\t\t","protected":false},"excerpt":{"rendered":"<p>Et que seules sont belles les \u00e2mes fi\u00e8res Les hommes habitent. Leur maison, leur ville ou leur village, leur pays. Autant de lieux auxquels des attaches nombreuse&#8230; 20 f\u00e9vrier, 2021 No comment Pr\u00e9lude Vivre, rire, manger, boire, jouer, cr\u00e9er, \u00e9crire, apprendre, d\u00e9cider\u2026. et quelques autres&#8230;<\/p>\n","protected":false},"author":5,"featured_media":0,"parent":0,"menu_order":0,"comment_status":"closed","ping_status":"closed","template":"full_width.php","meta":[],"_links":{"self":[{"href":"https:\/\/drissalaouimdaghri.ma\/index.php\/wp-json\/wp\/v2\/pages\/261"}],"collection":[{"href":"https:\/\/drissalaouimdaghri.ma\/index.php\/wp-json\/wp\/v2\/pages"}],"about":[{"href":"https:\/\/drissalaouimdaghri.ma\/index.php\/wp-json\/wp\/v2\/types\/page"}],"author":[{"embeddable":true,"href":"https:\/\/drissalaouimdaghri.ma\/index.php\/wp-json\/wp\/v2\/users\/5"}],"replies":[{"embeddable":true,"href":"https:\/\/drissalaouimdaghri.ma\/index.php\/wp-json\/wp\/v2\/comments?post=261"}],"version-history":[{"count":23,"href":"https:\/\/drissalaouimdaghri.ma\/index.php\/wp-json\/wp\/v2\/pages\/261\/revisions"}],"predecessor-version":[{"id":663,"href":"https:\/\/drissalaouimdaghri.ma\/index.php\/wp-json\/wp\/v2\/pages\/261\/revisions\/663"}],"wp:attachment":[{"href":"https:\/\/drissalaouimdaghri.ma\/index.php\/wp-json\/wp\/v2\/media?parent=261"}],"curies":[{"name":"wp","href":"https:\/\/api.w.org\/{rel}","templated":true}]}}